+ -54. Let m be (-66)/x*4 + -4. Calculate the highest common divisor of m and 27.
9
Let c(v) = -v**3 - 22*v**2 - 26*v - 97. Let a be c(-17). Let q = -561 - a. Calculate the highest common divisor of q and 154.
77
Suppose -35 = -109*l + 102*l. Suppose -4*a = 4*t - 124 - 36, -176 = -l*a + t. What is the highest common factor of a and 12?
12
Suppose 0 = 5*b - 5*j - 25760, 5*b + 23*j - 22*j - 25742 = 0. Calculate the greatest common divisor of 19 and b.
19
Let z(q) = 25*q**2 - 183*q - 65. Let v be z(12). Calculate the highest common divisor of 721 and v.
103
Suppose -49 = -9*t + 194. Suppose t*u - 580 = 23*u. Calculate the greatest common factor of u and 87.
29
Let m = 14130 + -9829. Calculate the greatest common factor of m and 22.
11
Suppose -11*r + 5*r = -186. Suppose 36*v - r*v - 10 = 0. Suppose -t = -4*j + 16, 0 = -j - 3*t + 11 + 6. Calculate the greatest common factor of j and v.
1
Let m be (1 + 1)*55/2. Suppose 334*r - 317625 = -411*r - 21*r - 389*r. Calculate the highest common divisor of r and m.
55
Let j be 1/((-2)/(-52 - 2))*9. Calculate the greatest common factor of j and 36.
9
Suppose 8*d = -3*f + 12*d + 3614, 5*d = 5*f - 6030. Let k be 4/7 + (-330)/(-35). Calculate the highest common divisor of f and k.
10
Suppose 11*u = -2*t + 21933, 7081 = 4*u - 5*t - 929. Calculate the greatest common divisor of u and 630.
105
Let t = 388 + -253. Let c = 388 - t. Calculate the highest common factor of c and 11.
11
Suppose 0 = -5*y + 4*m + 2633, -4*y - 19*m + 2102 = -20*m. Calculate the greatest common divisor of y and 700.
175
Let q = 3216 - 3098. What is the highest common divisor of 46 and q?
2
Let m(c) = 169*c + 7. Let u be m(3). Let y = u - 132. Suppose 2*w - 151 = -t, -5*w + y = t - 0*t. What is the greatest common factor of 7 and w?
7
Let b(s) = s**3 - 9*s**2 + 17*s + 6. Let n be b(6). Let c be (-17)/(-1 + (n - (-4)/6)). What is the greatest common factor of c and 68?
17
Suppose -5*f + 27*n + 94 = 30*n, -2*f - n + 38 = 0. Calculate the greatest common divisor of 232 and f.
4
Let d(t) = t + 5. Let x be d(-9). Let b be (-16)/(34/(-8) - x). Let u = 113 - b. Calculate the highest common factor of 7 and u.
7
Suppose -4*h + 3*h = -4. Let m(f) = -4*f**2 + 23*f + 5. Let w be m(5). Suppose -l = -w - h. Calculate the greatest common divisor of l and 4.
4
Suppose -3*m + 5*z + 217 = -318, 0 = m + 5*z - 185. What is the greatest common factor of 774 and m?
18
Suppose 291 = -5*t - 429. Let i = t - -182. Suppose 4*q + 41 = 801. What is the greatest common divisor of q and i?
38
Let t be -2 + 17/(17/(-224)). Let w be 8/(-12) + 2 - t/6. Calculate the highest common divisor of w and 52.
13
Let b(t) = -302*t**2 - t - 2. Let w be b(-2). Let l = w - -502. Let x be (-18)/30 - l/10. What is the greatest common factor of 20 and x?
10
Suppose -31 = -5*u - g, -1 = -3*u - 6*g + g. Let m be (-25)/(-1) - (4 - u). Let v be (-5)/35*(-91)/26 - 28/(-8). What is the highest common divisor of m and v?
4
Let p = 899 + -652. What is the greatest common divisor of 475 and p?
19
Let c = -58 - -173. Suppose -j = -c + 5. Suppose 8 = 4*v, -3*v - 36 = -4*z + 46. What is the greatest common factor of z and j?
22
Suppose 661*z - 2910 = 655*z. Calculate the highest common factor of 2231 and z.
97
Let x be (-45)/(-35) - (-36898)/266. What is the highest common divisor of x and 1020?
20
Let n(s) = -46*s + 2. Let w be n(-1). Let p(x) = -3*x + w*x - 17*x + 26 + x**2 - 8*x. Let r be p(-19). Calculate the greatest common divisor of 91 and r.
7
Let k(x) = x - 32. Let p be k(12). Let y = -14 - p. Let c(m) = 10*m - 31. Let h be c(y). Calculate the greatest common factor of 58 and h.
29
Suppose 4*h - 2*t - 3954 = 0, 0 = 5*t - 2*t + 9. Let j = h - 859. What is the greatest common factor of 12 and j?
4
Let h(l) = 2*l - 1. Let y be h(-2). Let x(z) = -12*z - 6. Let i be x(y). Let b be 1213/9 - (-864)/3888. Calculate the highest common factor of b and i.
27
Suppose -4 = 74*i - 76*i. Let y be i + 134/7 + 15/(-105). What is the highest common factor of y and 231?
21
Let p(a) = -4*a**2 + 14*a - 112. Let c be p(7). Let r = c + 340. Calculate the greatest common factor of 78 and r.
26
Suppose -114 = -f - 3*l, -3*l - 381 = -f - 3*f. Suppose 4*i = f + 53. Suppose -i = -34*h + 33*h. Calculate the highest common factor of h and 95.
19
Let o(f) = -3*f**3 + 30*f**2 + 28*f - 248. Let r be o(8). What is the highest common divisor of r and 2560?
40
Let j(o) be the second derivative of -125*o**3/3 + 5*o**2 + 14*o. Let t be j(-2). Suppose t = 5*k + 100. Calculate the greatest common factor of k and 123.
41
Suppose 0 = -2*s + 578 - 138. Suppose 5*j + 5*t - 1615 + 220 = 0, -j = -3*t - 263. Calculate the greatest common factor of s and j.
55
Let l be 5*(-308)/275 + 6 + 245758/5. Calculate the greatest common divisor of 384 and l.
384
Suppose 59 = 4*f + 2*c - 11, -3*f - c = -53. What is the greatest common divisor of f and 56?
2
Let z = 2798 - 2648. Calculate the greatest common divisor of 12 and z.
6
Suppose 20 = 5*v, 4*j + 13 - 81 = -3*v. What is the highest common divisor of 3514 and j?
14
Let k(g) = -3*g**3 + 91*g**2 + 140*g + 644. Let b be k(32). Let o = 115 - 63. What is the highest common factor of b and o?
4
Let h be (12/12 + (-555)/(-3))*(23 - -6). Calculate the greatest common factor of 116 and h.
58
Suppose -4*y + 44 = 9*f, 5*f = 2*y - 0*f - 60. Calculate the greatest common factor of y and 215.
5
Let n = -4239 + 4253. What is the greatest common factor of 328 and n?
2
Let y be (-1 - 0)*(-20)/5. Suppose -4*j + 0*t + 235 = -t, -2*j - 4*t + 104 = 0. Let d = 10 + j. What is the highest common factor of y and d?
4
Let z be ((-12)/(-30))/(32/10) + 316/32. Suppose f - 1 = 2*c, -3*c = -3*f + 5 + 4. Let q be 93/6 + (-1)/c. What is the highest common divisor of z and q?
5
Suppose -3*a + 3805 - 950 = -m, -5*a - 3*m + 4721 = 0. What is the highest common divisor of a and 260?
13
Let c = 15 - 18. Let p be ((1 - -4) + c)/((-1)/(-1)). Suppose -5*f + 15 = -35. Calculate the greatest common divisor of f and p.
2
Let r(f) = -f**3 + 12*f**2 + 14*f + 18. Let o(b) = -2*b - 19. Let j be o(-16). Let n be r(j). Calculate the highest common factor of n and 403.
31
Suppose -3*c + u + 70 = -953, -5*u + 1023 = 3*c. What is the highest common divisor of c and 62?
31
Suppose -4*d - 1731 = -5*t, d - 4*d - 4*t - 1275 = 0. Let o = d - -443. What is the highest common divisor of 266 and o?
14
Let o = 6233 + -6113. Calculate the greatest common factor of o and 320.
40
Suppose -5*v - 30 = -6*v. Let m = 467 + -318. Suppose 12*d - m = 751. What is the greatest common factor of v and d?
15
Let u(y) be the second derivative of -1/20*y**5 - 24*y + 1/4*y**4 + 0 - 3/2*y**2 + 1/3*y**3. Let a be u(3). What is the highest common divisor of a and 2?
1
Let n be -27*(44/99)/(-2). Calculate the greatest common factor of 210 and n.
6
Let v = 12107 + -7653. What is the highest common factor of 68 and v?
34
Suppose -d + 46 = 5*s, 298 = 4*d - 4*s + 234. Let i(y) = -y**2 - y - 6*y + 3 + 2*y. Let o be i(-5). Calculate the highest common divisor of d and o.
3
Let u = 295 - 165. Let j = 1042959 - 1042929. What is the greatest common factor of u and j?
10
Suppose -o = 19*z - 82685, 4*o - 9*o - 15 = 0. Calculate the greatest common divisor of z and 64.
64
Let s = 1102 + -1097. What is the highest common divisor of s and 875?
5
Suppose -3752 = -20*i + 6*i. What is the highest common factor of 1474 and i?
134
Suppose -91*n - 64*n + 14415 = 0. Calculate the greatest common factor of 1767 and n.
93
Let d = -26820 + 27324. What is the highest common divisor of d and 98?
14
Suppose 0*f - 11 = k - 5*f, -17 = 3*k + f. Let g = 91 + k. Let n = 57 - 40. What is the greatest common divisor of n and g?
17
Let a = 567 - 359. Let p = 8 + a. What is the greatest common factor of 96 and p?
24
Let o be (-9 - -3)*(-2)/(5 - 1). Suppose 7*t = 12*t + 4*a - 1603, -5*t - o*a + 1606 = 0. Calculate the greatest common divisor of 17 and t.
17
Let x(z) = -20*z**3 + 45*z**2 + 204*z + 19. Let f be x(-5). Calculate the highest common divisor of 832 and f.
64
Let v = -5 - -8. Suppose -s = 4*k - 3*s - 58, 3*s = -v*k + 21. Let g be 99/k*18 - (-3)/2. Calculate the greatest common factor of 30 and g.
30
Let y = 22575 + -22185. Calculate the greatest common divisor of y and 27105.
195
Let a = 74 + -